{"id":51,"date":"2021-03-04T11:55:35","date_gmt":"2021-03-04T11:55:35","guid":{"rendered":"https:\/\/unotec.com.br\/utc\/?page_id=51"},"modified":"2023-06-08T19:54:27","modified_gmt":"2023-06-08T19:54:27","slug":"cursos","status":"publish","type":"page","link":"https:\/\/unotec.com.br\/utc\/cursos\/","title":{"rendered":"Cursos"},"content":{"rendered":"\n<div class=\"wp-block-columns has-white-color has-text-color is-layout-flex wp-container-core-columns-is-layout-9d6595d7 wp-block-columns-is-layout-flex\">\n<div class=\"wp-block-column is-layout-flow wp-block-column-is-layout-flow\">\n<figure class=\"wp-block-image size-full is-style-rounded\"><img decoding=\"async\" src=\"https:\/\/unotec.com.br\/utc\/wp-content\/uploads\/2023\/06\/fc-300-180.webp\" alt=\"\" class=\"wp-image-405\"\/><figcaption class=\"wp-element-caption\"><mark style=\"background-color:rgba(0, 0, 0, 0)\" class=\"has-inline-color has-white-color\">A Forense digital abrange todas as quest\u00f5es relacionadas aos crimes praticados no mundo virtual.<br><a rel=\"noreferrer noopener\" href=\"https:\/\/unotec.com.br\/ead\/local\/staticpage\/view.php?page=Curso-Forense-Computacional\" target=\"_blank\">EMENTA DO CURSO<\/a><\/mark><\/figcaption><\/figure>\n<\/div>\n\n\n\n<div class=\"wp-block-column is-layout-flow wp-block-column-is-layout-flow\">\n<figure class=\"wp-block-image size-full is-style-rounded\"><img decoding=\"async\" src=\"https:\/\/unotec.com.br\/utc\/wp-content\/uploads\/2023\/06\/pj-300-180.webp\" alt=\"\" class=\"wp-image-410\"\/><figcaption class=\"wp-element-caption\"><mark style=\"background-color:rgba(0, 0, 0, 0)\" class=\"has-inline-color has-white-color\">O perito judicial esclarece fatos que auxiliem o julgador a formar sua convic\u00e7\u00e3o em rela\u00e7\u00e3o a lide.<br><a rel=\"noreferrer noopener\" href=\"https:\/\/unotec.com.br\/ead\/local\/staticpage\/view.php?page=Curso-Perito-Judicial\" target=\"_blank\">EMENTA DO CURSO<\/a><\/mark><\/figcaption><\/figure>\n<\/div>\n<\/div>\n\n\n\n<div class=\"wp-block-columns is-layout-flex wp-container-core-columns-is-layout-9d6595d7 wp-block-columns-is-layout-flex\">\n<div class=\"wp-block-column is-layout-flow wp-block-column-is-layout-flow\">\n<figure class=\"wp-block-image size-full is-style-rounded\"><img decoding=\"async\" src=\"https:\/\/unotec.com.br\/utc\/wp-content\/uploads\/2023\/06\/gdpr-300x180-1.webp\" alt=\"\" class=\"wp-image-407\"\/><figcaption class=\"wp-element-caption\"><mark style=\"background-color:rgba(0, 0, 0, 0)\" class=\"has-inline-color has-white-color\">GDPR \u00e9 um projeto para prote\u00e7\u00e3o de dados e identidade dos cidad\u00e3os da Uni\u00e3o Europeia. Curso Gr\u00e1tis. <br><a rel=\"noreferrer noopener\" href=\"https:\/\/unotec.com.br\/ead\/local\/staticpage\/view.php?page=Curso-GDPR\" target=\"_blank\">EMENTA DO CURSO<\/a><\/mark><\/figcaption><\/figure>\n<\/div>\n\n\n\n<div class=\"wp-block-column is-layout-flow wp-block-column-is-layout-flow\">\n<figure class=\"wp-block-image size-full is-style-rounded\"><img decoding=\"async\" src=\"https:\/\/unotec.com.br\/utc\/wp-content\/uploads\/2023\/06\/lgpd-300x180-1.webp\" alt=\"\" class=\"wp-image-408\"\/><figcaption class=\"wp-element-caption\"><mark style=\"background-color:rgba(0, 0, 0, 0)\" class=\"has-inline-color has-white-color\">Lei Geral de Prote\u00e7\u00e3o de Dados regulamenta a privacidade de dados na rela\u00e7\u00e3o entre empresas e clientes. <br><a rel=\"noreferrer noopener\" href=\"https:\/\/unotec.com.br\/ead\/local\/staticpage\/view.php?page=Curso-LGPD\" target=\"_blank\">EMENTA DO CURSO<\/a><\/mark><\/figcaption><\/figure>\n<\/div>\n<\/div>\n\n\n\n<p class=\"has-text-align-center\">\u00c1<strong>rea<\/strong> <strong>do<\/strong> <strong>Aluno<\/strong>, <a href=\"https:\/\/unotec.com.br\/ead\" data-type=\"URL\" data-id=\"https:\/\/unotec.com.br\/ead\" target=\"_blank\" rel=\"noreferrer noopener\">Acesse aqui<\/a><\/p>\n","protected":false},"excerpt":{"rendered":"<p>\u00c1rea do Aluno, Acesse aqui<\/p>\n","protected":false},"author":1,"featured_media":0,"parent":0,"menu_order":0,"comment_status":"closed","ping_status":"closed","template":"","meta":{"footnotes":""},"class_list":["post-51","page","type-page","status-publish","hentry"],"_links":{"self":[{"href":"https:\/\/unotec.com.br\/utc\/wp-json\/wp\/v2\/pages\/51","targetHints":{"allow":["GET"]}}],"collection":[{"href":"https:\/\/unotec.com.br\/utc\/wp-json\/wp\/v2\/pages"}],"about":[{"href":"https:\/\/unotec.com.br\/utc\/wp-json\/wp\/v2\/types\/page"}],"author":[{"embeddable":true,"href":"https:\/\/unotec.com.br\/utc\/wp-json\/wp\/v2\/users\/1"}],"replies":[{"embeddable":true,"href":"https:\/\/unotec.com.br\/utc\/wp-json\/wp\/v2\/comments?post=51"}],"version-history":[{"count":14,"href":"https:\/\/unotec.com.br\/utc\/wp-json\/wp\/v2\/pages\/51\/revisions"}],"predecessor-version":[{"id":411,"href":"https:\/\/unotec.com.br\/utc\/wp-json\/wp\/v2\/pages\/51\/revisions\/411"}],"wp:attachment":[{"href":"https:\/\/unotec.com.br\/utc\/wp-json\/wp\/v2\/media?parent=51"}],"curies":[{"name":"wp","href":"https:\/\/api.w.org\/{rel}","templated":true}]}}